[INFO] cloning repository https://github.com/mmacedoeu/pipetoredis.rs
[INFO] running `Command { std: "git" "-c" "credential.helper=" "-c" "credential.helper=/workspace/cargo-home/bin/git-credential-null" "clone" "--bare" "https://github.com/mmacedoeu/pipetoredis.rs" "/workspace/cache/git-repos/https%3A%2F%2Fgithub.com%2Fmmacedoeu%2Fpipetoredis.rs", kill_on_drop: false }`
[INFO] [stderr] Cloning into bare repository '/workspace/cache/git-repos/https%3A%2F%2Fgithub.com%2Fmmacedoeu%2Fpipetoredis.rs'...
[INFO] running `Command { std: "git" "rev-parse" "HEAD", kill_on_drop: false }`
[INFO] [stdout] 2fd5c2111b82b3a3f2605d166615bab30bfdc61b
[INFO] checking mmacedoeu/pipetoredis.rs against try#72f88fc4e9458f89516a0b8b0868f3718aec5b47 for pr-74989
[INFO] running `Command { std: "git" "clone" "/workspace/cache/git-repos/https%3A%2F%2Fgithub.com%2Fmmacedoeu%2Fpipetoredis.rs" "/workspace/builds/worker-9/source", kill_on_drop: false }`
[INFO] [stderr] Cloning into '/workspace/builds/worker-9/source'...
[INFO] [stderr] done.
[INFO] validating manifest of git repo https://github.com/mmacedoeu/pipetoredis.rs on toolchain 72f88fc4e9458f89516a0b8b0868f3718aec5b47
[INFO] running `Command { std: "/workspace/cargo-home/bin/cargo" "+72f88fc4e9458f89516a0b8b0868f3718aec5b47" "read-manifest" "--manifest-path" "Cargo.toml", kill_on_drop: false }`
[INFO] started tweaking git repo https://github.com/mmacedoeu/pipetoredis.rs
[INFO] finished tweaking git repo https://github.com/mmacedoeu/pipetoredis.rs
[INFO] tweaked toml for git repo https://github.com/mmacedoeu/pipetoredis.rs written to /workspace/builds/worker-9/source/Cargo.toml
[INFO] crate git repo https://github.com/mmacedoeu/pipetoredis.rs already has a lockfile, it will not be regenerated
[INFO] running `Command { std: "/workspace/cargo-home/bin/cargo" "+72f88fc4e9458f89516a0b8b0868f3718aec5b47" "fetch" "--locked" "--manifest-path" "Cargo.toml", kill_on_drop: false }`
[INFO] [stderr]     Blocking waiting for file lock on package cache
[INFO] [stderr] error: the lock file /workspace/builds/worker-9/source/Cargo.lock needs to be updated but --locked was passed to prevent this
[INFO] [stderr] If you want to try to generate the lock file without accessing the network, use the --offline flag.
[INFO] the lockfile is outdated, regenerating it
[INFO] running `Command { std: "/workspace/cargo-home/bin/cargo" "+72f88fc4e9458f89516a0b8b0868f3718aec5b47" "generate-lockfile" "--manifest-path" "Cargo.toml" "-Zno-index-update", kill_on_drop: false }`
[INFO] [stderr]     Blocking waiting for file lock on package cache
[INFO] running `Command { std: "/workspace/cargo-home/bin/cargo" "+72f88fc4e9458f89516a0b8b0868f3718aec5b47" "fetch" "--locked" "--manifest-path" "Cargo.toml", kill_on_drop: false }`
[INFO] [stderr]     Blocking waiting for file lock on package cache
[INFO] [stderr]     Blocking waiting for file lock on package cache
[INFO] running `Command { std: "docker" "create" "-v" "/var/lib/crater-agent-workspace/builds/worker-9/target:/opt/rustwide/target:rw,Z" "-v" "/var/lib/crater-agent-workspace/builds/worker-9/source:/opt/rustwide/workdir:ro,Z" "-v" "/var/lib/crater-agent-workspace/cargo-home:/opt/rustwide/cargo-home:ro,Z" "-v" "/var/lib/crater-agent-workspace/rustup-home:/opt/rustwide/rustup-home:ro,Z" "-e" "SOURCE_DIR=/opt/rustwide/workdir" "-e" "CARGO_TARGET_DIR=/opt/rustwide/target" "-e" "CARGO_HOME=/opt/rustwide/cargo-home" "-e" "RUSTUP_HOME=/opt/rustwide/rustup-home" "-w" "/opt/rustwide/workdir" "-m" "1610612736" "--user" "0:0" "--network" "none" "rustops/crates-build-env@sha256:d92eaeed33fa75130ca1ee6c8a01d1ffb62bac859dfdfb3450e3e5d1c0146529" "/opt/rustwide/cargo-home/bin/cargo" "+72f88fc4e9458f89516a0b8b0868f3718aec5b47" "metadata" "--no-deps" "--format-version=1", kill_on_drop: false }`
[INFO] [stdout] adb6ede72fef4abb4f860b6cbd176d818d491af58b0fe8d600aa6df838bdda82
[INFO] [stderr] WARNING: Your kernel does not support swap limit capabilities or the cgroup is not mounted. Memory limited without swap.
[INFO] running `Command { std: "docker" "start" "-a" "adb6ede72fef4abb4f860b6cbd176d818d491af58b0fe8d600aa6df838bdda82", kill_on_drop: false }`
[INFO] running `Command { std: "docker" "inspect" "adb6ede72fef4abb4f860b6cbd176d818d491af58b0fe8d600aa6df838bdda82", kill_on_drop: false }`
[INFO] running `Command { std: "docker" "rm" "-f" "adb6ede72fef4abb4f860b6cbd176d818d491af58b0fe8d600aa6df838bdda82", kill_on_drop: false }`
[INFO] [stdout] adb6ede72fef4abb4f860b6cbd176d818d491af58b0fe8d600aa6df838bdda82
[INFO] running `Command { std: "docker" "create" "-v" "/var/lib/crater-agent-workspace/builds/worker-9/target:/opt/rustwide/target:rw,Z" "-v" "/var/lib/crater-agent-workspace/builds/worker-9/source:/opt/rustwide/workdir:ro,Z" "-v" "/var/lib/crater-agent-workspace/cargo-home:/opt/rustwide/cargo-home:ro,Z" "-v" "/var/lib/crater-agent-workspace/rustup-home:/opt/rustwide/rustup-home:ro,Z" "-e" "SOURCE_DIR=/opt/rustwide/workdir" "-e" "CARGO_TARGET_DIR=/opt/rustwide/target" "-e" "CARGO_INCREMENTAL=0" "-e" "RUST_BACKTRACE=full" "-e" "RUSTFLAGS=--cap-lints=forbid" "-e" "CARGO_HOME=/opt/rustwide/cargo-home" "-e" "RUSTUP_HOME=/opt/rustwide/rustup-home" "-w" "/opt/rustwide/workdir" "-m" "1610612736" "--user" "0:0" "--network" "none" "rustops/crates-build-env@sha256:d92eaeed33fa75130ca1ee6c8a01d1ffb62bac859dfdfb3450e3e5d1c0146529" "/opt/rustwide/cargo-home/bin/cargo" "+72f88fc4e9458f89516a0b8b0868f3718aec5b47" "check" "--frozen" "--all" "--all-targets" "--message-format=json", kill_on_drop: false }`
[INFO] [stdout] e2ecfccff88d5f898b42477487f7762e3b88e309e758502721c12efe2f764efd
[INFO] [stderr] WARNING: Your kernel does not support swap limit capabilities or the cgroup is not mounted. Memory limited without swap.
[INFO] running `Command { std: "docker" "start" "-a" "e2ecfccff88d5f898b42477487f7762e3b88e309e758502721c12efe2f764efd", kill_on_drop: false }`
[INFO] [stderr]    Compiling libc v0.2.77
[INFO] [stderr]    Compiling log v0.4.11
[INFO] [stderr]    Compiling memchr v2.3.3
[INFO] [stderr]     Checking futures-core v0.3.5
[INFO] [stderr]    Compiling proc-macro2 v1.0.21
[INFO] [stderr]    Compiling unicode-xid v0.2.1
[INFO] [stderr]     Checking pin-project-lite v0.1.7
[INFO] [stderr]     Checking once_cell v1.4.1
[INFO] [stderr]     Checking futures-io v0.3.5
[INFO] [stderr]     Checking slab v0.4.2
[INFO] [stderr]     Checking cache-padded v1.1.1
[INFO] [stderr]     Checking fastrand v1.3.5
[INFO] [stderr]    Compiling pin-project-internal v0.4.23
[INFO] [stderr]     Checking waker-fn v1.1.0
[INFO] [stderr]     Checking parking v2.0.0
[INFO] [stderr]    Compiling autocfg v1.0.1
[INFO] [stderr]     Checking event-listener v2.4.0
[INFO] [stderr]     Checking tinyvec v0.3.4
[INFO] [stderr]     Checking pin-utils v0.1.0
[INFO] [stderr]     Checking vec-arena v0.5.2
[INFO] [stderr]     Checking fnv v1.0.7
[INFO] [stderr]     Checking futures-sink v0.3.5
[INFO] [stderr]     Checking async-task v3.0.0
[INFO] [stderr]     Checking matches v0.1.8
[INFO] [stderr]     Checking atomic-waker v1.0.0
[INFO] [stderr]     Checking scoped-tls v1.0.0
[INFO] [stderr]     Checking parking v1.0.6
[INFO] [stderr]     Checking percent-encoding v2.1.0
[INFO] [stderr]     Checking dtoa v0.4.6
[INFO] [stderr]     Checking byteorder v0.5.3
[INFO] [stderr]     Checking itoa v0.4.6
[INFO] [stderr]     Checking sha1 v0.6.0
[INFO] [stderr]     Checking throw v0.1.7
[INFO] [stderr]     Checking concurrent-queue v1.2.2
[INFO] [stderr]     Checking async-mutex v1.3.0
[INFO] [stderr]     Checking futures-task v0.3.5
[INFO] [stderr]     Checking unicode-bidi v0.3.4
[INFO] [stderr]     Checking csv v0.14.7
[INFO] [stderr]     Checking unicode-normalization v0.1.13
[INFO] [stderr]     Checking multitask v0.2.0
[INFO] [stderr]     Checking async-channel v1.4.2
[INFO] [stderr]    Compiling crossbeam-utils v0.7.2
[INFO] [stderr]     Checking futures-lite v0.1.11
[INFO] [stderr]     Checking kv-log-macro v1.0.7
[INFO] [stderr]     Checking log v0.3.9
[INFO] [stderr]    Compiling quote v1.0.7
[INFO] [stderr]     Checking net2 v0.2.35
[INFO] [stderr]     Checking iovec v0.1.4
[INFO] [stderr]     Checking polling v0.1.9
[INFO] [stderr]     Checking socket2 v0.3.15
[INFO] [stderr]     Checking memchr v0.1.11
[INFO] [stderr]     Checking thread-id v2.0.0
[INFO] [stderr]     Checking num_cpus v1.13.0
[INFO] [stderr]     Checking blocking v0.5.2
[INFO] [stderr]    Compiling syn v1.0.41
[INFO] [stderr]     Checking thread_local v0.2.7
[INFO] [stderr]     Checking aho-corasick v0.5.3
[INFO] [stderr]     Checking idna v0.2.0
[INFO] [stderr]     Checking async-io v0.1.11
[INFO] [stderr]     Checking mio v0.6.22
[INFO] [stderr]     Checking miow v0.1.5
[INFO] [stderr]     Checking regex v0.1.80
[INFO] [stderr]     Checking async-executor v0.1.2
[INFO] [stderr]     Checking url v2.1.1
[INFO] [stderr]     Checking async-std v1.6.3
[INFO] [stderr]     Checking mio-uds v0.6.8
[INFO] [stderr]     Checking tokio v0.2.22
[INFO] [stderr]     Checking env_logger v0.3.5
[INFO] [stderr]     Checking tokio-util v0.3.1
[INFO] [stderr]    Compiling async-trait v0.1.40
[INFO] [stderr]     Checking pin-project v0.4.23
[INFO] [stderr]     Checking futures-util v0.3.5
[INFO] [stderr]     Checking combine v4.3.2
[INFO] [stderr]     Checking redis v0.17.0
[INFO] [stderr]     Checking rustpipetoredis v0.1.0 (/opt/rustwide/workdir)
[INFO] [stdout] error[E0432]: unresolved import `redis::PipelineCommands`
[INFO] [stdout]   --> src/main.rs:10:23
[INFO] [stdout]    |
[INFO] [stdout] 10 | use redis::{Commands, PipelineCommands};
[INFO] [stdout]    |                       ^^^^^^^^^^^^^^^^ no `PipelineCommands` in the root
[INFO] [stdout] 
[INFO] [stdout] 
[INFO] [stdout] error[E0432]: unresolved import `miow::pipe`
[INFO] [stdout]   --> src/main.rs:19:11
[INFO] [stdout]    |
[INFO] [stdout] 19 | use miow::pipe::{NamedPipe, NamedPipeBuilder};
[INFO] [stdout]    |           ^^^^ could not find `pipe` in `miow`
[INFO] [stdout] 
[INFO] [stdout] 
[INFO] [stdout] error[E0432]: unresolved import `miow::iocp`
[INFO] [stdout]   --> src/main.rs:20:11
[INFO] [stdout]    |
[INFO] [stdout] 20 | use miow::iocp::CompletionPort;
[INFO] [stdout]    |           ^^^^ could not find `iocp` in `miow`
[INFO] [stdout] 
[INFO] [stdout] 
[INFO] [stdout] error[E0432]: unresolved import `miow::Overlapped`
[INFO] [stdout]   --> src/main.rs:21:5
[INFO] [stdout]    |
[INFO] [stdout] 21 | use miow::Overlapped;
[INFO] [stdout]    |     ^^^^^^^^^^^^^^^^ no `Overlapped` in the root
[INFO] [stdout] 
[INFO] [stdout] 
[INFO] [stdout] warning: unused import: `std::thread`
[INFO] [stdout]  --> src/main.rs:8:5
[INFO] [stdout]   |
[INFO] [stdout] 8 | use std::thread;
[INFO] [stdout]   |     ^^^^^^^^^^^
[INFO] [stdout]   |
[INFO] [stdout]   = note: `#[warn(unused_imports)]` on by default
[INFO] [stdout] 
[INFO] [stdout] 
[INFO] [stdout] warning: unused imports: `File`, `OpenOptions`
[INFO] [stdout]   --> src/main.rs:14:15
[INFO] [stdout]    |
[INFO] [stdout] 14 | use std::fs::{File, OpenOptions};
[INFO] [stdout]    |               ^^^^  ^^^^^^^^^^^
[INFO] [stdout] 
[INFO] [stdout] 
[INFO] [stdout] warning: unused import: `std::sync::mpsc::channel`
[INFO] [stdout]   --> src/main.rs:15:5
[INFO] [stdout]    |
[INFO] [stdout] 15 | use std::sync::mpsc::channel;
[INFO] [stdout]    |     ^^^^^^^^^^^^^^^^^^^^^^^^
[INFO] [stdout] 
[INFO] [stdout] 
[INFO] [stdout] warning: unused imports: `BufRead`, `BufReader`
[INFO] [stdout]   --> src/main.rs:16:15
[INFO] [stdout]    |
[INFO] [stdout] 16 | use std::io::{BufReader,BufRead};
[INFO] [stdout]    |               ^^^^^^^^^ ^^^^^^^
[INFO] [stdout] 
[INFO] [stdout] 
[INFO] [stdout] error[E0432]: unresolved import `redis::PipelineCommands`
[INFO] [stdout]   --> src/main.rs:10:23
[INFO] [stdout]    |
[INFO] [stdout] 10 | use redis::{Commands, PipelineCommands};
[INFO] [stdout]    |                       ^^^^^^^^^^^^^^^^ no `PipelineCommands` in the root
[INFO] [stdout] 
[INFO] [stdout] 
[INFO] [stdout] error[E0432]: unresolved import `miow::pipe`
[INFO] [stdout]   --> src/main.rs:19:11
[INFO] [stdout]    |
[INFO] [stdout] 19 | use miow::pipe::{NamedPipe, NamedPipeBuilder};
[INFO] [stdout]    |           ^^^^ could not find `pipe` in `miow`
[INFO] [stdout] 
[INFO] [stdout] 
[INFO] [stdout] error[E0432]: unresolved import `miow::iocp`
[INFO] [stdout]   --> src/main.rs:20:11
[INFO] [stdout]    |
[INFO] [stdout] 20 | use miow::iocp::CompletionPort;
[INFO] [stdout]    |           ^^^^ could not find `iocp` in `miow`
[INFO] [stdout] 
[INFO] [stdout] 
[INFO] [stdout] error[E0432]: unresolved import `miow::Overlapped`
[INFO] [stdout]   --> src/main.rs:21:5
[INFO] [stdout]    |
[INFO] [stdout] 21 | use miow::Overlapped;
[INFO] [stdout]    |     ^^^^^^^^^^^^^^^^ no `Overlapped` in the root
[INFO] [stdout] 
[INFO] [stdout] 
[INFO] [stdout] warning: unused import: `std::thread`
[INFO] [stdout]  --> src/main.rs:8:5
[INFO] [stdout]   |
[INFO] [stdout] 8 | use std::thread;
[INFO] [stdout]   |     ^^^^^^^^^^^
[INFO] [stdout]   |
[INFO] [stdout]   = note: `#[warn(unused_imports)]` on by default
[INFO] [stdout] 
[INFO] [stdout] 
[INFO] [stdout] warning: unused imports: `File`, `OpenOptions`
[INFO] [stdout]   --> src/main.rs:14:15
[INFO] [stdout]    |
[INFO] [stdout] 14 | use std::fs::{File, OpenOptions};
[INFO] [stdout]    |               ^^^^  ^^^^^^^^^^^
[INFO] [stdout] 
[INFO] [stdout] 
[INFO] [stdout] warning: unused import: `std::sync::mpsc::channel`
[INFO] [stdout]   --> src/main.rs:15:5
[INFO] [stdout]    |
[INFO] [stdout] 15 | use std::sync::mpsc::channel;
[INFO] [stdout]    |     ^^^^^^^^^^^^^^^^^^^^^^^^
[INFO] [stdout] 
[INFO] [stdout] 
[INFO] [stdout] warning: unused imports: `BufRead`, `BufReader`
[INFO] [stdout]   --> src/main.rs:16:15
[INFO] [stdout]    |
[INFO] [stdout] 16 | use std::io::{BufReader,BufRead};
[INFO] [stdout]    |               ^^^^^^^^^ ^^^^^^^
[INFO] [stdout] 
[INFO] [stdout] 
[INFO] [stdout] error: aborting due to 4 previous errors; 4 warnings emitted
[INFO] [stdout] 
[INFO] [stdout] 
[INFO] [stdout] For more information about this error, try `rustc --explain E0432`.
[INFO] [stdout] 
[INFO] [stderr] error: could not compile `rustpipetoredis`.
[INFO] [stderr] 
[INFO] [stderr] To learn more, run the command again with --verbose.
[INFO] [stderr] warning: build failed, waiting for other jobs to finish...
[INFO] [stdout] error: aborting due to 4 previous errors; 4 warnings emitted
[INFO] [stdout] 
[INFO] [stdout] 
[INFO] [stdout] For more information about this error, try `rustc --explain E0432`.
[INFO] [stdout] 
[INFO] [stderr] error: build failed
[INFO] running `Command { std: "docker" "inspect" "e2ecfccff88d5f898b42477487f7762e3b88e309e758502721c12efe2f764efd", kill_on_drop: false }`
[INFO] running `Command { std: "docker" "rm" "-f" "e2ecfccff88d5f898b42477487f7762e3b88e309e758502721c12efe2f764efd", kill_on_drop: false }`
[INFO] [stdout] e2ecfccff88d5f898b42477487f7762e3b88e309e758502721c12efe2f764efd
